visor of 252 and a?
9
Suppose -y + 49 = 4*z, 26 - 1 = y - 2*z. Let c be 4 - 145/((-10)/2). Suppose 0 = 2*s - 3*s + c. Calculate the highest common factor of s and y.
33
Let w(g) = -g**3 + 22*g + 32. Let o be w(0). Calculate the highest common factor of o and 488.
8
Let s = 33 + -29. Let h(f) be the first derivative of f**2/2 + 9*f - 7. Let p be h(-8). What is the highest common divisor of s and p?
1
Let k = -60 - -60. Let y(i) = i**2 - 2*i + 58. Let h be y(k). What is the greatest common divisor of 87 and h?
29
Let w(r) = r**2 - 4*r - 6. Let y = 21 - 15. Let b be w(y). Suppose 52*f - 45*f = 84. What is the highest common divisor of f and b?
6
Let x be ((-98)/112*-4)/(1/8). Calculate the highest common factor of x and 196.
28
Let t(r) = 5*r + 38. Let w be t(-7). Suppose w*v - 35 = -2. Calculate the greatest common factor of 11 and v.
11
Let i be -2 - (-4 + 3) - (-110)/10. Let y be ((-4)/i)/(3/(-630)). What is the highest common factor of y and 24?
12
Let w(d) = 9 - 38*d**2 - 45*d**2 + 22*d - 4*d + 86*d**2. Let z be w(-7). Let t(q) = -4*q - 3. Let h be t(-2). What is the highest common divisor of z and h?
5
Suppose 2*a + 3*a + 3*i = 0, 5*i = 3*a. Suppose a = -7*h + 3*h - 8. Let n be (-387)/(-5) + h/5. What is the greatest common divisor of 7 and n?
7
Let d(n) = 6*n - 15. Let i be d(6). Let r be 1/(-5) - 4/(-20). Suppose 3*o + 6 = 0, r = -a + 4*o - 2 + 13. What is the highest common factor of a and i?
3
Let p(d) = d**3 - 14*d**2 - 10*d + 15. Let a be -1*(0 + 3) + 18. Let o be p(a). What is the greatest common divisor of 10 and o?
10
Suppose 2*m + 62 = -0*m - x, -2*m - 68 = -2*x. Let f be (-3268)/m - -3 - 1/8. What is the highest common divisor of f and 35?
35
Suppose -h - 5*w = 8, 0 = -4*h - 0*w - 3*w + 2. Let n = -24 - -29. Suppose 10 = -n*y, 4*y + 6 = -3*m + m. What is the greatest common factor of h and m?
1
Suppose -5*h + 528 = -h. Suppose 2*t - 4*b - 208 = h, -4*t + 3*b + 695 = 0. What is the highest common divisor of 16 and t?
16
Let j(u) = u**2 + 5*u + 2. Let h be j(-5). Let b(y) = 5*y**2 - 2*y - 1. Let l be b(h). Calculate the greatest common factor of l and 60.
15
Let u(g) = -2*g + 250. Let i be u(-53). What is the greatest common factor of i and 4?
4
Let m(p) = p**3 + 6*p**2 + 3*p - 6. Let k be m(-5). Let a be ((-4)/3 + 4/k)*-57. Calculate the greatest common factor of a and 171.
19
Let y(u) = u + 74. Let k be y(16). What is the highest common divisor of k and 60?
30
Let v(i) = 8*i + 66. Let x be v(-9). Let q(f) = -21*f - 12. Let t be q(x). Calculate the highest common factor of t and 38.
38
Let i be 3*(0 - (-2)/3). Let j be 2/9 - 852/(-54). Calculate the greatest common divisor of j and i.
2
Let n be (-3)/(3/150*-2). Let w(u) = u**3 + 6*u**2 + 3*u - 1. Let v be w(-5). Let o be (v/3 - 4)*-25. Calculate the highest common divisor of o and n.
25
Let h be ((-22)/(-8))/(2/(-8)). Let a(z) = -z**3 - 11*z**2 + 4. Let j be a(h). Let u be 2/j - 75/(-10). Calculate the highest common factor of 32 and u.
8
Let d(r) = 23*r**2 - 4*r + 3. Let n be d(2). Let q(p) = p**3 + 103*p**2 + 1011*p - 34. Let m be q(-92). Calculate the greatest common divisor of m and n.
29
Let j = 14 + 20. What is the highest common divisor of j and 153?
17
Let a = -1065 - -1089. What is the highest common factor of a and 12?
12
Let b(n) = -6*n - 2. Let i be b(-3). Suppose -r - 13 = -5*k + 65, 6 = k - 5*r. Suppose t - k = -3*t. Calculate the greatest common divisor of t and i.
4
Suppose 0*v = 3*v. Let i be (19 - 1) + v/2. Let b be 41 + (6/15)/(2/20). Calculate the greatest common factor of b and i.
9
Suppose -5*f - 5*v = -0*v - 10, 14 = -3*f + v. Suppose -4*d + 32 = 3*x, -4*x = -4*d + 31 + 29. Let q = d + f. Calculate the highest common divisor of q and 40.
8
Suppose -105 = -2*o - o. Let g = -32 + o. Calculate the greatest common factor of g and 15.
3
Let m(b) = -4*b + 10. Suppose 41 + 7 = 6*y. Let o be m(y). Let h be (-70)/o + 8/(-44). What is the highest common divisor of h and 18?
3
Let d(g) = 4*g - 6 - 4*g - 2*g - g. Let u be d(-2). Suppose u = -3*y + 12 + 60. What is the greatest common divisor of 60 and y?
12
Suppose 2*q = -5*j - 48, -5*q = -j + 2*j + 28. Let t = 16 + j. Suppose 7*g + 40 = t*g. What is the greatest common factor of 5 and g?
5
Suppose 7*d - 58 - 68 = 0. Calculate the greatest common factor of d and 9.
9
Let g = -52 + 60. What is the greatest common factor of 80 and g?
8
Suppose -8 = x - 86. Let f = 62 + -10. What is the greatest common factor of f and x?
26
Let t = -131 + 273. Let b = -86 + 48. Let w = t + b. Calculate the highest common factor of 13 and w.
13
Let z = 2210 + -1949. Calculate the greatest common divisor of 72 and z.
9
Let g = 1178 + -1035. Let t be 54/4 - (-2)/(-4). Calculate the greatest common divisor of t and g.
13
Let y be 2/(-32)*-8 - 431/(-2). Calculate the highest common divisor of y and 144.
72
Suppose -j - 3*n = -2*n - 12, 4*n + 32 = j. Suppose 0 = -2*a + a + 4. Calculate the greatest common factor of j and a.
4
Let y be 1 + -1 + (-7)/(-1). Calculate the greatest common factor of y and 567.
7
Let z be ((-25)/(-15))/(1/(-3)). Let q = z + 33. Let h = -6 + 13. What is the greatest common divisor of q and h?
7
Let b = -93 - -338. What is the highest common factor of 5 and b?
5
Let l be (-8)/(-3)*15/10. Suppose -4*y - 10 = -6*y. Suppose 0 = y*a + 15, 2*p - 24 - 38 = 2*a. Calculate the greatest common divisor of l and p.
4
Suppose 5*u + 17 = t + 2*u, 0 = 4*t - u - 24. Suppose -n + 5*n = -4*y - 60, 2*y + 75 = -t*n. Let x = 22 + n. What is the greatest common factor of 49 and x?
7
Let l be (-64 + 2 - 2)/(-2). Let y be 2/(l/(-700))*-4. What is the highest common divisor of y and 35?
35
Suppose 490 = 10*k - 580. Let g = -75 + k. Calculate the greatest common divisor of 8 and g.
8
Let d be (-1375)/(-500) + 5/4. What is the highest common factor of d and 486?
2
Suppose -54*x = -22*x - 12032. Calculate the greatest common divisor of 4 and x.
4
Suppose 4*c + 3*s - 163 = 0, 4*c + s + 46 = 5*c. What is the greatest common factor of c and 2?
1
Let t = -4 - -13. Suppose 0 = 4*q - t - 15. Suppose 5*y + 3*o = 327, 29 = 2*y + 3*o - 100. What is the greatest common divisor of y and q?
6
Suppose 5*x = -37*x + 3234. Let d = 25 + -18. What is the greatest common factor of x and d?
7
Let o be 46/10 - 6/(-15). Suppose -4*c = 3*s, 3*s = -c - 0*c + 9. Suppose 0 = o*w - s - 11. What is the highest common divisor of 24 and w?
3
Suppose -3*c + 0*z + 5 = z, 3*c - 1 = -2*z. Let o be (-334)/(-10) - 12/30. What is the highest common factor of c and o?
3
Let m be 8520/504 + 8/84. What is the greatest common factor of 1343 and m?
17
Suppose 0*p + 294 = 7*p. Calculate the highest common divisor of p and 224.
14
Suppose -2*m = 2*i - 84, -m + 5*m + i = 153. Let h(a) = -20*a + 1. Let r be h(1). Let w = m + r. Calculate the greatest common factor of w and 45.
9
Let x = -95 - -98. Suppose -x*v = 3*u - 531, 2*u + 454 = 3*v - 72. Calculate the highest common factor of 22 and v.
22
Suppose 0 = m - 64 + 35. Calculate the greatest common factor of m and 493.
29
Let a(z) = z + 16. Let j = -17 + 4. Let s be a(j). Suppose x - s = -0. What is the greatest common factor of 12 and x?
3
Let f(j) = 17 + 9 - 53 + 9*j. Let q be f(6). Calculate the greatest common factor of 135 and q.
27
Suppose 5*k - 517 = -4*v + 1059, 0 = -k - 2*v + 320. Calculate the greatest common factor of 24 and k.
24
Suppose -6*f - 63 = -13*f. Suppose 0 = -w + 22 - f. Calculate the highest common divisor of 26 and w.
13
Let y be -1*((-116)/(-1))/(-4). Let i be (1/(-3))/(-9 - 7046/(-783)). What is the greatest common divisor of y and i?
29
Let r(j) = 121*j**2 - j - 2. Let f be r(-1). Calculate the greatest common factor of 24 and f.
24
Let f(g) = g**3 - 4*g**2 - 2*g - 1. Let a be 20*(2 - -2)/16. Let m be f(a). Calculate the highest common divisor of m and 126.
14
Let a = -3 + 14. Let v(s) = -s**3 + 3*s - 3. Let b be v(2). Let f(j) = -24*j + 1. Let x be f(b). Calculate the greatest common divisor of x and a.
11
Let l(i) = -8*i**3 + 18*i**2 - 5*i + 2 + 7*i**3 - 10*i**2. Let s be l(6). What is the greatest common factor of s and 11?
11
Suppose -u - 48 = -o, -3*o - 2*o = -4*u - 245. Let z = 77 - o. What is the highest common divisor of z and 4?
4
Let n = -3 + -2. Let l(o) = 3*o**2 - o - 3. Let u be l(n). Suppose -1